 b*r + 51 + 231. Let c = -40 - r. What are the prime factors of c?
7
Let h(n) = -n**3 + 3*n**2 + 8*n - 9. Let f be h(5). Let m = 14 + f. What are the prime factors of 5/(m - 564/(-112))?
2, 5, 7
Let q(z) = -2*z**3 + 8*z**2 + 10*z + 1. Let j be q(5). Suppose 10 = x - j. Suppose x*a - 127 = 71. What are the prime factors of a?
2, 3
Suppose -l + 9281 = -11030. List the prime factors of l.
19, 1069
What are the prime factors of (-19)/(7/(-42)*6/601)?
19, 601
List the prime factors of 387240/(-1470)*(-91)/2.
2, 13, 461
List the prime factors of (-345142)/(-46) + 1 + (-325)/299.
3, 41, 61
Suppose 4*b - 4*n - 1520 = 0, -380 = 7*b - 8*b + 4*n. Suppose -f - 5*x + b = 0, 3*x - 450 = -2*f + 282. What are the prime factors of f?
2, 3, 5
Suppose -2*s - 637 = 3*m, 2*s - m - 320 = 3*s. Let q = -203 - s. List the prime factors of q.
2, 3, 5
Suppose 27*t + 272 = 8048. Suppose 0 = -10*m - t + 7998. What are the prime factors of m?
3, 257
Suppose 2*t + 4*s - 14865 = -2551, 30785 = 5*t - 3*s. List the prime factors of t.
47, 131
Let x be 2/(20/(-6)) + 2320/200. List the prime factors of (-2)/4*(-17512)/x.
2, 199
Suppose -2*s = 2*i + 118, 4*s - 100 = 3*i + 56. Suppose 29*k = 2102 + 334. Let m = k + i. What are the prime factors of m?
2, 7
Let o(t) = 98*t**3 + 7*t**2 + 9*t - 9. List the prime factors of o(6).
3, 5, 53
Let k(n) = 2 + 13*n + 3 - 19 + 1. Let u be k(10). Suppose -u = -w - 20. What are the prime factors of w?
97
Let b be 0/11 + 1 + 6*1. Suppose b*i + 2025 = 22*i. List the prime factors of i.
3, 5
Let a(n) = n**3 + 74*n**2 + 47*n - 1270. What are the prime factors of a(-68)?
2, 103, 113
Let b be -2 + -2 + (-2665 - 0). Let d = b - -4560. Suppose 535 - d = -6*w. What are the prime factors of w?
2, 113
Let n(c) = -10 - 52*c - 31 + 219*c. What are the prime factors of n(4)?
3, 11, 19
Let h(z) = 66*z - 149. Let v be h(4). Suppose 3*c = 4*d - 0*c - v, -4*c - 116 = -4*d. What are the prime factors of d?
2, 7
Suppose -4*x - x = -60. Suppose -x*n = -4*n - 72. Suppose 2*z = -n + 15. List the prime factors of z.
3
Let v be 2 - (-1 + 0) - (3 - -436). Let q = v - -615. What are the prime factors of q?
179
Suppose p - 629 = 603. Let v = 2554 - 2552. Suppose -v*n - 9*n = -p. List the prime factors of n.
2, 7
Suppose 19 = 3*f - a, 2*f - 8 = -0*f + 3*a. Suppose -d + f*d = 2982. Suppose 4*u - d = -125. List the prime factors of u.
3, 31
Suppose -2*v = -3*a + 24965, -10758 = -a - 4*v - 2469. List the prime factors of a.
8317
Let d(w) = -w**2 + 9. Let u = 14 - 27. Let t be d(u). What are the prime factors of (1 - 49/4)/(60/t)?
2, 3, 5
Suppose -w - 2*f = f - 98, 3*w - 266 = -2*f. Suppose 2 + 7 = 3*p. Suppose -2*v - w = -p*v. List the prime factors of v.
2, 43
Suppose -348*k + 356*k - 93456 = 0. Suppose k = 9*r + 234. List the prime factors of r.
2, 3, 53
Suppose -29 = -2*k - 11. Suppose -k*u + 10*u - 329 = 0. What are the prime factors of u?
7, 47
Let g = -88 + -229. Let l = -156 - g. What are the prime factors of l?
7, 23
Suppose 271*d - 261*d - 47010 = 0. List the prime factors of d.
3, 1567
Let y be (-3 + 2 + 2)*967. Suppose -5*j - 122 = -y. Let o = 287 - j. What are the prime factors of o?
2, 59
Let m(z) = z**3 + 10*z**2 + 8*z - 18. Let c(s) = 3*s**3 + 30*s**2 + 23*s - 55. Let r(t) = -2*c(t) + 7*m(t). What are the prime factors of r(-8)?
2
Suppose 1836962 = -36*n + 5169338. What are the prime factors of n?
2, 31, 1493
Suppose -18487 = -3*r + u, 5*r - 9*u - 30814 = -5*u. What are the prime factors of r?
2, 3, 13, 79
Let u(j) = -42*j**3 - 6*j**2 + 96*j + 702. What are the prime factors of u(-8)?
2, 3, 11, 29
Let r(c) = 35*c**3 - 16*c**2 + 21*c - 41. What are the prime factors of r(7)?
47, 241
Let r(o) = -o**3 + 19*o**2 + 11*o + 203. What are the prime factors of r(19)?
2, 103
What are the prime factors of (-36 + -5 - -37) + (2/1 - -31836)?
2, 11, 1447
Let s(j) = 2*j**3 - 14*j**2 - 6*j - 8. Let b be 27/2*52/78. List the prime factors of s(b).
2, 131
Let j be (-1)/4*((-54)/9 - -6). Let l(n) = 22*n. Let w be l(2). Suppose j = -3*u + 4*c + 5 + w, 2*u = 3*c + 32. What are the prime factors of u?
19
Let q be 2114/(-112) - 2/16. Let o(y) be the first derivative of y**4/4 + 6*y**3 - 23*y**2/2 + 7*y - 3. What are the prime factors of o(q)?
83
Let x(t) = 5940*t + 490. List the prime factors of x(3).
2, 5, 1831
Let t(h) = 1217*h - 2289. What are the prime factors of t(23)?
2, 71, 181
Let c(w) = 25*w**3 - 2*w**2 - 16*w + 33. Suppose 3*z - k = 16, -4*z + 28 = -3*k - 0*k. What are the prime factors of c(z)?
29, 53
Let x = 169 - 165. Suppose x*n + 184 = q, -2*q + 344 = -0*q + 4*n. List the prime factors of q.
2, 11
Let d = 34 - 34. Suppose d = 7*k - 5*k - 1202. What are the prime factors of k?
601
Suppose 2*u - 11685 - 74653 = -4*q, 4*q - 86334 = 2*u. What are the prime factors of q?
2, 19, 71
Let b = -268 - -274. What are the prime factors of 43*b*7/21?
2, 43
Let z = 22083 + -9476. List the prime factors of z.
7, 1801
What are the prime factors of (0 + (-374)/(-4))/(52/520)?
5, 11, 17
Let r be (-2 + 5)*1 + (4 - 3). Suppose 0 = -2*y - r*y + 1800. Suppose -y = 14*q - 19*q. List the prime factors of q.
2, 3, 5
Suppose 89*k = -114*k + 3614009. List the prime factors of k.
19, 937
Let x(c) = -2*c**2 + 2. Let r be x(-1). Let p(j) = 0*j - 2*j + j**2 + r*j + j + 7. List the prime factors of p(-5).
37
Suppose -102 - 101 = -3*k - 4*g, 0 = -4*k + g + 239. What are the prime factors of k?
61
Let j = 5245 - 589. What are the prime factors of j?
2, 3, 97
Suppose -4*v - 2*i + 4*i + 846 = 0, 0 = -2*v + 3*i + 413. List the prime factors of v + (-4 - -1) + (-12 - -11).
2, 3, 5, 7
Suppose -7723 = 2*y + j - 66750, -y = -j - 29515. What are the prime factors of y?
2, 3, 4919
Suppose -4*b + a = -55, 3 = -2*a - 3. Suppose 34529 = -b*j + 56*j. What are the prime factors of j?
11, 73
Suppose 3*p = 2*o + 135818, 0 = 81*p - 83*p - 3*o + 90528. List the prime factors of p.
2, 3, 5, 503
Let s be ((-2)/(-10))/((-15)/(-150)) + 5. Suppose -5*z + s*z + b - 2229 = 0, b - 4459 = -4*z. List the prime factors of z.
5, 223
Let p(c) = 3*c**2 + 2*c + 4. Let t(l) = l**2 - l + 1. Let g(w) = p(w) - 4*t(w). Let h be g(4). List the prime factors of (1 + h/4)*37.
3, 37
Let k(n) = n**3 + 30*n**2 - 25*n + 92. Let q be k(-31). What are the prime factors of 26/5*(-7285)/q?
13, 31
Let w(u) = -27*u - 139. Let n be w(-19). Suppose 5*j - n = 861. What are the prime factors of j?
13, 19
Suppose 4*s - 23 = 2*n + 119, 4*n + 256 = s. List the prime factors of (-2)/(-7) - -3588*(-6)/n.
2, 3, 19
Suppose 0 = -29*x + 9*x - 1440. Suppose -u = -5*u + 4. List the prime factors of (1032/x)/(u/(-3)).
43
Let r = -28 + 28. Suppose r = 7*q - 5*q. Suppose 0 = 2*g + 3*m - 5*m - 94, -g + 2*m + 47 = q. What are the prime factors of g?
47
Let x = 125 - 115. Suppose 0 = -x*g - 223 + 1943. What are the prime factors of g?
2, 43
Let j(f) = -11*f + 30. Let g be j(12). Let z = 483 + g. Suppose -6*t + z = -3*t. What are the prime factors of t?
127
Let x = 77 + -63. Let f be 4/x + (-2 - (-204)/(-28)). List the prime factors of f/(-2)*12*(-232)/(-72).
2, 3, 29
Let d(o) = 2*o**2 + 14*o - 8. Let x be d(-8). Suppose 178 = 6*c - x*c. Let a = -81 - c. List the prime factors of a.
2
Let j = 413 + -409. Suppose 7 = -4*v - 9, 2048 = 3*o + j*v. List the prime factors of o.
2, 43
Let c(y) = y**2 + 2*y. Let r be c(5). Let k be (-60)/(-14) + (-10)/r. Suppose -90 = -k*x + 10. What are the prime factors of x?
5
Let k(b) = -b - 3. Let y be k(-5). Suppose y*t = 7*t - 15. What are the prime factors of (1/2)/(t/288)?
2, 3
Let g be (-15)/(39/12 - 3). Let o = -1 - g. Let a = o - -13. What are the prime factors of a?
2, 3
Let q = -2065 + 3502. Suppose 2*x - 5*n - q = 235, -3*x = 4*n - 2531. List the prime factors of x.
29
Let l = -2469 + 11954. List the prime factors of l.
5, 7, 271
Suppose -41*x - 538 = -3285. Suppose x*t - 6669 = 58*t. List the prime factors of t.
3, 13, 19
Suppose 14*v = 13*v + 1. Let f be (-354 + v + 2 + -2)/(-1). Suppose 0 = 7*i - 1501 + f. What are the prime factors of i?
2, 41
Suppose -37*z = -19666 - 392181. List the prime factors of z.
11131
Let i(j) be the first derivative of -j**4/2 - 4*j**3 + 14*j**2 - 3*j - 148. What are the prime factors of i(-10)?
11, 47
Let q be (40/60)/((-1)/(-324)). What are the prime factors of (902/8 + -1)/(q/2880)?
2, 5, 149
Supp